{"id":526,"date":"2019-11-19T10:37:13","date_gmt":"2019-11-19T10:37:13","guid":{"rendered":"http:\/\/alice-cern.fei.tuke.sk\/?page_id=526"},"modified":"2019-11-27T10:12:12","modified_gmt":"2019-11-27T10:12:12","slug":"project-of-research-and-development-alice-cern-at-feei-tu-of-kosice","status":"publish","type":"page","link":"https:\/\/alice-cern.fei.tuke.sk\/index.php\/project-of-research-and-development-alice-cern-at-feei-tu-of-kosice\/","title":{"rendered":"Project of research and development ALICE CERN at FEEI TU of Ko\u0161ice"},"content":{"rendered":"<div id=\"3f41457d\">As of 12 October 2012, the Technical University of Ko\u0161ice was accepted as an associated member of the project <strong><a href=\"http:\/\/aliceinfo.cern.ch\/\">ALICE<\/a><\/strong>\u00a0at the European Organization for Nuclear Research\u00a0(<strong><a href=\"http:\/\/home.web.cern.ch\/\">CERN<\/a><\/strong>). On this occasion an article about our university was published in the\u00a0<strong><a href=\"http:\/\/alicematters.web.cern.ch\/?q=TUKE_associate\">ALICE MATTERS<\/a><\/strong>\u00a0newsletter. Members of the\u00a0<strong><a href=\"http:\/\/kyb.fei.tuke.sk\/laboratoria\/\">Center of Modern Control Techniques and Industrial Informatics<\/a><\/strong>\u00a0at DCAI FEEI TU are involved in project-related tasks. They started to work on upgrade of the DCS (Detector Control System) at CERN with an emphasis on optimizing the process of data exchange between online and offline databases (<a href=\"http:\/\/www.chep2013.org\/\" target=\"_blank\" rel=\"noopener noreferrer\">CHEP 2013<\/a>).<\/div>\n<p><strong>Upgrade of the ALICE Inner Tracking System<br \/>\n<\/strong>Members of the <a href=\"http:\/\/kyb.fei.tuke.sk\" target=\"_blank\" rel=\"noopener noreferrer\">CMCT&amp;II<\/a> group at the DCAI FEEI TU of Ko\u0161ice are involved in the research task of Upgrade of the Alice Inner Tracking System, aimed at developing a Pixel detector requiring detection and identification of particles generated in Pb-Pb collisions at 14 TeV per n-n pair where in the final state, there can be thousands of charged particles. The collaboration on this task is a part of the intergovernmental agreement \u201cThe Memorandum of Understanding for Collaboration in the Construction of the ALICE Detector Upgrade of the ALICE Inner Tracking System\u201d, signed by CERN representatives and Ministers of Education and Science of the countries cooperating in this task.<\/p>\n<p>The international plenum of the <strong><a href=\"http:\/\/aliceinfo.cern.ch\/\">ALICE<\/a><\/strong> collaboration at CERN, Geneva approved at 13 March 2015 the acceptance of the Technical University of Ko\u0161ice (as the only technical university in Slovakia) as a full member of the above mentioned collaboration.<\/p>\n<p align=\"justify\">On 3 March 2016, the Minister of Education, Science, Research and Sport signed an Agreement on the Provision of Funds for Co-financing the Research and Development Project <strong>ALICE<\/strong>\u00a0<strong>CERN<\/strong> at FEEI TU of Ko\u0161ice for the period of 2016 to 2020.<br \/>\nThe guarantor of cooperation between FEEI, TU of Ko\u0161ice and <strong>CERN<\/strong> is associate professor doc. Ing. J\u00e1n Jadlovsk\u00fd, CSc. (Team Leader at TU, Ko\u0161ice).<\/p>\n<p align=\"justify\">Name of the international project: <strong><a href=\"http:\/\/alice-cern.fei.tuke.sk\/index.php\/2017\/09\/12\/projekt-experiment-alice-na-lhc-v-cerne-studium-silno-interagujucej-hmoty-v-extremnych-podmienkach\/\" target=\"_blank\" rel=\"noopener noreferrer\">ALICE experiment at the CERN LHC: The study of strongly interacting matter under extreme conditions<\/a><\/strong><\/p>\n<p align=\"justify\">Project character: Elementary research<\/p>\n<p align=\"justify\">Field of research and development : Nuclear and subnuclear physics<\/p>\n<p align=\"justify\">Responsible coordinator for FEEI-TU:\u00a0<a href=\"http:\/\/kyb.fei.tuke.sk\/laboratoria\/ludia\/jadlovsky.php\">doc. Ing. Jadlovsk\u00fd J\u00e1n, CSc.<\/a><\/p>\n<p align=\"justify\">Project duration: 1 January 2016 &#8211; 31 December 2020<\/p>\n<p>Project research is focused on three fields:<\/p>\n<ul>\n<li>the control of the pixel detector<\/li>\n<li>development of the HIC (Hybrid Integrated Circuit) designed for acquisition and processing signals from ALICE detectors<\/li>\n<li>development of program modules for the control communication architecture DCS<\/li>\n<\/ul>\n<p>The results of the project were presented at the conference <a href=\"http:\/\/alice-cern.fei.tuke.sk\/index.php\/2017\/10\/06\/konferencia-icaleps-2017\/\" target=\"_blank\" rel=\"noopener noreferrer\">ICALEPCS 2017<\/a>.<\/p>\n<p>Contract no. 0222\/2016 on the provision of funds for the co-financing of the research and development project ALICE CERN:\u00a0<a href=\"https:\/\/www.crz.gov.sk\/index.php?ID=2364916&amp;l=sk\">https:\/\/www.crz.gov.sk\/index.php?ID=2364916&amp;l=sk<\/a><\/p>\n","protected":false},"excerpt":{"rendered":"<p>As of 12 October 2012, the Technical University of Ko\u0161ice was accepted as an associated member of the project ALICE\u00a0at the European Organization for Nuclear Research\u00a0(CERN). On this occasion an article about our university was published in the\u00a0ALICE MATTERS\u00a0newsletter. Members of the\u00a0Center of Modern Control Techniques and Industrial Informatics\u00a0at DCAI FEEI TU are involved in [&hellip;]<\/p>\n","protected":false},"author":4,"featured_media":0,"parent":0,"menu_order":0,"comment_status":"closed","ping_status":"closed","template":"page-templates\/front-page.php","meta":{"footnotes":""},"_links":{"self":[{"href":"https:\/\/alice-cern.fei.tuke.sk\/index.php\/wp-json\/wp\/v2\/pages\/526"}],"collection":[{"href":"https:\/\/alice-cern.fei.tuke.sk\/index.php\/wp-json\/wp\/v2\/pages"}],"about":[{"href":"https:\/\/alice-cern.fei.tuke.sk\/index.php\/wp-json\/wp\/v2\/types\/page"}],"author":[{"embeddable":true,"href":"https:\/\/alice-cern.fei.tuke.sk\/index.php\/wp-json\/wp\/v2\/users\/4"}],"replies":[{"embeddable":true,"href":"https:\/\/alice-cern.fei.tuke.sk\/index.php\/wp-json\/wp\/v2\/comments?post=526"}],"version-history":[{"count":9,"href":"https:\/\/alice-cern.fei.tuke.sk\/index.php\/wp-json\/wp\/v2\/pages\/526\/revisions"}],"predecessor-version":[{"id":718,"href":"https:\/\/alice-cern.fei.tuke.sk\/index.php\/wp-json\/wp\/v2\/pages\/526\/revisions\/718"}],"wp:attachment":[{"href":"https:\/\/alice-cern.fei.tuke.sk\/index.php\/wp-json\/wp\/v2\/media?parent=526"}],"curies":[{"name":"wp","href":"https:\/\/api.w.org\/{rel}","templated":true}]}}