{"id":535,"date":"2019-11-19T12:44:41","date_gmt":"2019-11-19T12:44:41","guid":{"rendered":"http:\/\/alice-cern.fei.tuke.sk\/?page_id=535"},"modified":"2019-11-27T10:11:46","modified_gmt":"2019-11-27T10:11:46","slug":"contact","status":"publish","type":"page","link":"https:\/\/alice-cern.fei.tuke.sk\/index.php\/contact\/","title":{"rendered":"Contact"},"content":{"rendered":"<div id=\"3f41457d\"><a href=\"http:\/\/kyb.fei.tuke.sk\/laboratoria\/ludia\/jadlovsky.php\" target=\"_blank\" rel=\"noopener noreferrer\">doc. Ing. J\u00e1n Jadlovsk\u00fd, CSc.<\/a>\u00a0(Team Leader for TU of Ko\u0161ice<strong>\u00a0<\/strong>\u00a0within the cooperation on\u00a0<strong><a href=\"http:\/\/alice-cern.fei.tuke.sk\/index.php\/category\/spolupraca\/\">project of research and development ALICE CERN at FEEI TU of Ko\u0161ice<\/a><\/strong>)<\/div>\n<p>e-mail: jan.jadlovsky@tuke.sk, jadlovsky@kybernetika.sk<\/p>\n<p><a href=\"http:\/\/kyb.fei.tuke.sk\/laboratoria\/ludia\/jadlovsk2.php\" target=\"_blank\" rel=\"noopener noreferrer\">Ing. Sl\u00e1vka Jadlovsk\u00e1, PhD.<\/a>\u00a0(Deputy Team Leader for TU of Ko\u0161ice within the cooperation on\u00a0<strong><a href=\"http:\/\/alice-cern.fei.tuke.sk\/index.php\/category\/spolupraca\/\">project of research and development ALICE CERN at FEEI TU of Ko\u0161ice<\/a>)<\/strong><\/p>\n<p>e-mail: slavka.jadlovska@tuke.sk<\/p>\n<p><a href=\"http:\/\/kyb.fei.tuke.sk\/laboratoria\/\" target=\"_blank\" rel=\"noopener noreferrer\"><strong>Center of Modern Control Techniques and Industrial Informatics<\/strong><\/a><\/p>\n<p>Department of Cybernetics and Artificial Intelligence, FEEI, Technical University of Ko\u0161ice<\/p>\n<p>Vysoko\u0161kolsk\u00e1 4, 040 01, Ko\u0161ice<\/p>\n","protected":false},"excerpt":{"rendered":"<p>doc. Ing. J\u00e1n Jadlovsk\u00fd, CSc.\u00a0(Team Leader for TU of Ko\u0161ice\u00a0\u00a0within the cooperation on\u00a0project of research and development ALICE CERN at FEEI TU of Ko\u0161ice) e-mail: jan.jadlovsky@tuke.sk, jadlovsky@kybernetika.sk Ing. Sl\u00e1vka Jadlovsk\u00e1, PhD.\u00a0(Deputy Team Leader for TU of Ko\u0161ice within the cooperation on\u00a0project of research and development ALICE CERN at FEEI TU of Ko\u0161ice) e-mail: slavka.jadlovska@tuke.sk Center [&hellip;]<\/p>\n","protected":false},"author":4,"featured_media":0,"parent":0,"menu_order":0,"comment_status":"closed","ping_status":"closed","template":"","meta":{"footnotes":""},"_links":{"self":[{"href":"https:\/\/alice-cern.fei.tuke.sk\/index.php\/wp-json\/wp\/v2\/pages\/535"}],"collection":[{"href":"https:\/\/alice-cern.fei.tuke.sk\/index.php\/wp-json\/wp\/v2\/pages"}],"about":[{"href":"https:\/\/alice-cern.fei.tuke.sk\/index.php\/wp-json\/wp\/v2\/types\/page"}],"author":[{"embeddable":true,"href":"https:\/\/alice-cern.fei.tuke.sk\/index.php\/wp-json\/wp\/v2\/users\/4"}],"replies":[{"embeddable":true,"href":"https:\/\/alice-cern.fei.tuke.sk\/index.php\/wp-json\/wp\/v2\/comments?post=535"}],"version-history":[{"count":3,"href":"https:\/\/alice-cern.fei.tuke.sk\/index.php\/wp-json\/wp\/v2\/pages\/535\/revisions"}],"predecessor-version":[{"id":715,"href":"https:\/\/alice-cern.fei.tuke.sk\/index.php\/wp-json\/wp\/v2\/pages\/535\/revisions\/715"}],"wp:attachment":[{"href":"https:\/\/alice-cern.fei.tuke.sk\/index.php\/wp-json\/wp\/v2\/media?parent=535"}],"curies":[{"name":"wp","href":"https:\/\/api.w.org\/{rel}","templated":true}]}}